) = 64933*h + 519438. Give d(-8).
-26
Let j(l) = -134*l**2 + 47310*l - 2806. Determine j(353).
18
Let r(p) = 3*p**3 - 507*p**2 - 2605*p - 484. Give r(174).
386
Let y(b) = 10*b + 313. Give y(36).
673
Let y(a) = 2*a**3 - 1444*a**2 - 5684*a - 90029. Determine y(726).
-5
Let y(t) = t**3 + 131*t**2 - 664*t - 1022. What is y(6)?
-74
Let d(m) = -65*m**3 + 23*m**2 - 9*m - 14. Give d(1).
-65
Let a(v) = 255*v**2 - 45892*v - 1439. Give a(180).
1
Let a(t) = 69*t**2 - 62984*t + 51063. What is a(912)?
-9
Let h(v) = 12*v**3 - 247*v**2 + 130*v + 294. Calculate h(20).
94
Let t(v) = 50480*v - 8228232. What is t(163)?
8
Let z(b) = 49*b + 3746. What is z(-71)?
267
Let y(o) = -6963*o - 41728. Give y(-6).
50
Let f(u) = 383*u + 180. Determine f(-3).
-969
Let y(p) = -5*p**3 + 7*p**2 - 56*p + 130. What is y(6)?
-1034
Let z(d) = -2*d**3 - 1117*d**2 + 18370*d + 220. Calculate z(16).
-4
Let z(l) = -339976*l - 38. Give z(0).
-38
Let l(i) = -3*i**3 + 68*i**2 - 15*i - 181. Determine l(22).
457
Let z(u) = -41*u + 15271. What is z(260)?
4611
Let s(r) = 1793*r - 583. Determine s(0).
-583
Let p(h) = 20772*h - 62463. Give p(3).
-147
Let z(g) = 445*g**2 - 46*g + 27. What is z(1)?
426
Let y(h) = 491*h + 6457. What is y(-12)?
565
Let p(x) = 27438*x - 137190. Give p(5).
0
Let m(x) = -6*x**2 + 673*x + 3331. Give m(-5).
-184
Let u(x) = 2*x**3 + 32*x**2 - 522*x + 22. Give u(-26).
74
Let x(s) = s**3 - 175*s**2 - 1075*s - 1945. Give x(181).
46
Let m(n) = n**3 - 6*n**2 + 4698*n - 93936. What is m(19)?
19
Let r(y) = -y**3 - 182*y**2 + 2122*y - 534. What is r(-193)?
-341
Let w(m) = -m**2 + 22293*m - 43325443. Give w(2151).
-1
Let g(q) = 2*q**3 - 47*q**2 - 923*q + 21546. Determine g(24).
-30
Let z(o) = -68626*o - 1166630. Give z(-17).
12
Let a(j) = -2*j**2 + 227*j + 9363. Calculate a(146).
-127
Let k(l) = -1364*l - 31419. Calculate k(-23).
-47
Let c(y) = -4*y**3 + 23*y**2 - 28*y + 165. What is c(5)?
100
Let f(p) = -9*p**2 - 2828*p + 13530. What is f(-319)?
-187
Let c(w) = 1529*w**2 - 111611*w - 461. What is c(73)?
-23
Let x(z) = 16*z**2 + 31*z - 284. Calculate x(5).
271
Let n(m) = -2*m**3 - 20*m**2 - 30*m + 189. Give n(-5).
89
Let x(n) = 2687*n + 85940. Determine x(-32).
-44
Let t(s) = -7*s**2 + 94*s + 87. What is t(18)?
-489
Let z(b) = 2*b**2 - 252*b - 109196. Calculate z(-179).
-6
Let r(f) = 342372*f - 2054242. Give r(6).
-10
Let w(t) = 1179*t + 1099953. Determine w(-933).
-54
Let c(u) = -9544*u + 33195. What is c(3)?
4563
Let y(f) = -f**2 + 8810*f - 254676. Determine y(29).
-27
Let m(s) = 22511*s + 472711. What is m(-21)?
-20
Let t(q) = 14*q**2 + 53*q - 147. What is t(3)?
138
Let a(o) = o**2 - 1437*o + 24172. Calculate a(17).
32
Let h(q) = q**2 + 75063*q + 2475999. Calculate h(-33).
9
Let q(s) = s**3 + 27*s**2 + 102*s - 413. Determine q(-21).
91
Let t(u) = -6215*u + 1280311. What is t(206)?
21
Let a(s) = -s**3 - 542*s**2 - 4491*s - 1757. Calculate a(-8).
-5
Let q(l) = -5*l**3 - 12*l**2 + 89*l + 300. What is q(-6)?
414
Let z(g) = -13*g**3 - 108*g**2 + 21*g + 461. What is z(-8)?
37
Let o(x) = 283*x - 12918. Determine o(46).
100
Let u(w) = 108*w - 4567. Calculate u(42).
-31
Let s(u) = 23*u**2 + 83*u - 71. Determine s(-4).
-35
Let c(w) = -50*w - 9570. Calculate c(-185).
-320
Let l(b) = -14*b**3 - 32*b**2 + 105*b + 9. Calculate l(-7).
2508
Let d(y) = -95*y - 3031. Calculate d(-28).
-371
Let d(q) = -2*q**3 - 3*q**2 + 228*q + 158. Give d(0).
158
Let r(z) = -743*z + 15142. What is r(23)?
-1947
Let r(j) = j**2 + 20*j - 37936. Give r(185).
-11
Let m(i) = i**2 - 30*i - 1419. Calculate m(-35).
856
Let x(h) = -4226*h + 101427. Determine x(24).
3
Let h(s) = 847*s - 2131. What is h(3)?
410
Let d(l) = -5*l**3 + 6*l**2 + 3254*l - 16340. Calculate d(5).
-545
Let b(r) = r**2 - 134958*r + 3103502. Determine b(23).
-3
Let a(m) = 2847*m + 609262. Calculate a(-214).
4
Let h(g) = -74816*g + 973129. What is h(13)?
521
Let q(c) = -18*c**2 + 118*c - 148. Give q(3).
44
Let t(r) = -6*r**3 + 683*r**2 - 571*r + 679. Determine t(113).
1
Let b(a) = 11*a**3 + 162*a**2 + 116*a + 63. What is b(-14)?
7
Let c(y) = -17668*y + 1148432. Determine c(65).
12
Let u(h) = 2396*h + 2353. What is u(-1)?
-43
Let k(i) = -3*i**2 - 455*i - 13704. Calculate k(-42).
114
Let t(y) = 1265*y**2 + 22733*y - 9. What is t(-18)?
657
Let i(h) = -11*h**2 - 756*h + 9714. Determine i(12).
-942
Let s(y) = 13*y**2 - 179*y - 456. Determine s(-6).
1086
Let i(s) = s**2 - 12006*s + 47992. What is i(4)?
-16
Let t(d) = -d**3 - 5*d**2 + 2529*d + 10150. What is t(-4)?
18
Let g(w) = -3*w**2 - 4430*w + 13300. What is g(3)?
-17
Let n(f) = -f**2 - 9772*f + 68391. Give n(7).
-62
Let y(n) = 2300*n - 199934. Calculate y(87).
166
Let q(m) = -2*m**3 - 73*m**2 + 506*m + 47. What is q(7)?
-674
Let u(i) = -3*i**2 + 514*i + 118793. What is u(-131)?
-24
Let a(s) = 352*s - 9871. Give a(27).
-367
Let c(b) = 22539*b + 3178006. Calculate c(-141).
7
Let k(b) = 75563*b - 226618. What is k(3)?
71
Let b(m) = -m**3 + 28*m**2 + 102*m - 200. Give b(31).
79
Let r(d) = -66*d**3 - 783*d**2 + 2342*d - 1. Give r(3).
-1804
Let v(a) = -129828*a - 389475. Give v(-3).
9
Let w(c) = -1087*c - 79535. Calculate w(-73).
-184
Let q(n) = 7*n**3 - 8*n**2 + n + 61. Give q(6).
1291
Let f(m) = 8390*m - 419503. What is f(50)?
-3
Let s(u) = -u**2 + 7874*u + 63078. Calculate s(-8).
22
Let z(k) = -k**3 - 60*k**2 - 111*k - 660. What is z(-57)?
-4080
Let s(x) = -5*x**2 - 4410*x - 525430. What is s(-740)?
-30
Let a(b) = 17843*b + 16219297. What is a(-909)?
10
Let d(f) = -506*f - 51823. Calculate d(-101).
-717
Let c(l) = -220*l + 2018. Give c(9).
38
Let n(d) = -10491*d - 94431. Give n(-9).
-12
Let d(y) = y**3 + 119*y**2 + 1566*y + 626. Determine d(-104).
2
Let b(p) = p**3 + 23*p**2 + 641*p + 23970. Give b(-29).
335
Let b(f) = -47361*f - 95755. Give b(-2).
-1033
Let p(d) = d**3 - 32*d**2 + 240*d - 188. Determine p(18).
-404
Let m(i) = 2453*i - 61262. Calculate m(25).
63
Let v(t) = 62218*t + 3733089. Determine v(-60).
9
Let v(q) = -q**2 + 629*q - 36313. Give v(63).
-655
Let q(r) = -598*r - 1839. Calculate q(-4).
553
Let m(p) = 11*p**3 + 77*p**2 + 48*p - 4. Determine m(-6).
104
Let h(p) = 1316*p - 115782. Calculate h(88).
26
Let c(r) = -2*r**3 - 949*r**2 - 4221*r + 4746. Give c(-470).
516
Let s(y) = -32*y**2 - 525*y + 552. Give s(-18).
-366
Let l(o) = -3*o**2 - 882*o - 35385. What is l(-48)?
39
Let q(u) = -204*u + 1705. Determine q(17).
-1763
Let f(d) = -2629*d - 86776. Give f(-33).
-19
Let h(z) = 557*z + 9874. Give h(-19).
-709
Let f(b) = 562*b + 4111. Determine f(-13).
-3195
Let u(a) = a**2 - 1445*a - 26294. Calculate u(-18).
40
Let y(n) = -n**2 - 60975*n - 975342. Determine y(-16).
2
Let z(l) = 53*l**3 - 6*l**2 + 30*l + 88. What is z(-2)?
-420
Let v(a) = -2*a**2 + 95528*a - 191060. Calculate v(2).
-12
Let v(g) = 2481*g + 314849. Determine v(-127).
-238
Let i(l) = -2*l**3 + 42*l**2 + 34*l - 124. Calculate i(22).
-344
Let a(d) = 844*d + 1617. Determine a(-2).
-71
Let t(q) = 170251*q - 2894268. What is t(17)?
-1
Let b(a) = a**3 - 28*a**2 - 151*a + 4283. Calculate b(23).
-1835
Let t(j) = j**2 + 117*j - 804. What is t(-120)?
-444
Let r(x) = x**3 - 38*x**2 - 797*x + 7073. Give r(7).
-25
Let b(n) = n**3 - 22*n**2 - 480. What is b(23)?
49
Let y(m) = 23*m**2 - 979*m + 3248. Determine y(39).
50
Let b(s) = 3352*s - 20333. Give b(6).
-221
Let n(f) = -2376*f + 12312. Give n(5).
432
Let x(j) = 15*j**3 + 1772*j**2 + 253*j + 2008. What is x(-118)?
2
Let t(u) = -702530*u + 7025301. Give t(10).
1
Let g(q) = -2*q**3 + 283*q**2 + 136*q + 872. Give g(142).
20
Let h(x) = -8*x**2 - 20381*x - 142326. What is h(-7)?
-51
Let y(h) = -h**2 - 70*h + 102. What is y(-59)?
751
Let v(g) = g**3 - 38*g**2 + 405*g - 1224. Calculate v(23).
156
Let s(l) = 502135*l + 2008524. What is s(-4)?
-16
Let b(i) = 24775*i + 3295083. Give b(-133).
8
Let q(v) = 57213*v - 285889. Give q(5).
176
Let o(w) = w**3 - 294*w**2 - 616*w - 65. Determine o(-2).
-17
Let z(d) = d**3 - 28*d**2 + 290*d - 946. Give z(6).
2
Let x(v) = v**3 + 9*v**2 - 31*v + 80. Give x(-11).
179
Let j(u) = 37*u**2 + 10853*u + 3565. What is j(-293)?
49
Let y(i) = -1276*i - 20456. Give y(-16).
-40
Let i(u) = 35*u**2 - 282*u + 32. Give i(9).
329
Let h(b) = 1806*b - 5911. Determine h(3).
-493
Let l(p) = 76*p**2 - 5321*p + 146. What is l(70)?
76
Let w(j) = -30*j - 3618. Give w(-124).
102
Let b(i) =